 -6*w**3 - 11*w**2 - 78*w + 942. What is a(7)?
-2201
Let v(u) = u**3 + 142*u**2 + 3746*u + 110. Calculate v(-107).
3
Let r(q) = -12*q**2 - 96*q + 616. What is r(5)?
-164
Let g(p) = -3*p**2 - 224*p - 228. Give g(-75).
-303
Let q(g) = 26*g**2 - 669*g - 3965. Determine q(-6).
985
Let v(t) = -34*t**2 + 113*t - 99. What is v(1)?
-20
Let q(y) = 17568*y + 333795. What is q(-19)?
3
Let j(s) = 39*s**2 - 137*s + 251. Determine j(2).
133
Let q(i) = 7*i**2 + 1073*i + 9163. Calculate q(-9).
73
Let b(o) = -o**3 + 196*o**2 - 3*o - 2058. Calculate b(0).
-2058
Let d(l) = 19217*l + 864747. What is d(-45)?
-18
Let m(i) = 4*i**2 + 389*i + 3232. What is m(-88)?
-24
Let f(i) = -i**3 - 15747*i**2 + 110280*i - 25. Determine f(7).
-11
Let g(v) = 854*v**2 - 535*v - 1071. Give g(-2).
3415
Let k(z) = -6*z**2 - 831*z + 2090. Determine k(-142).
-892
Let l(g) = -g**3 - 167*g**2 - 3784*g - 212. Give l(-27).
-104
Let t(y) = -10491*y - 62255. Determine t(-6).
691
Let d(p) = p**3 - 14*p**2 - 450*p + 6016. Calculate d(13).
-3
Let i(a) = -5882*a + 18270. What is i(3)?
624
Let m(x) = -17*x**3 + 225*x**2 - 43*x - 119. What is m(13)?
-2
Let l(c) = -c**3 - 66*c**2 + 46*c + 3090. Give l(-66).
54
Let o(u) = -11310*u - 112844. Determine o(-10).
256
Let j(v) = 2*v**3 - 49*v**2 - 35*v - 1169. What is j(26)?
-51
Let l(b) = b**3 + 301*b**2 - 941*b + 89. What is l(3)?
2
Let g(v) = 310421*v - 2172973. Determine g(7).
-26
Let s(v) = 159*v - 21144. Calculate s(132).
-156
Let z(x) = 7*x**2 + 53204*x + 1484208. Calculate z(-28).
-16
Let c(f) = -2*f**3 - 57*f**2 + 47*f + 1780. What is c(-28)?
-320
Let d(p) = -p**2 + 371*p + 37558. What is d(-83)?
-124
Let r(j) = -2*j**2 + 58356*j + 291842. Determine r(-5).
12
Let m(w) = -4*w**3 - 6*w**2 - 12062*w - 48222. What is m(-4)?
186
Let a(j) = -803*j - 2385. What is a(-3)?
24
Let z(g) = g**3 - 178*g**2 + 3341*g - 594692. Calculate z(178).
6
Let a(d) = 5707*d - 564995. What is a(99)?
-2
Let u(r) = r**2 - 56*r + 995. What is u(24)?
227
Let x(t) = 902*t - 16852. What is x(19)?
286
Let n(q) = -3126*q - 39895. Give n(-12).
-2383
Let n(q) = -3547*q + 134207. What is n(38)?
-579
Let m(q) = 8*q**3 - 676*q**2 + 1010*q - 702. Determine m(83).
460
Let u(i) = 44*i**2 - 692*i + 964. What is u(15)?
484
Let v(p) = 2*p**3 + 17*p**2 - 105*p - 6. What is v(4)?
-26
Let q(t) = t**3 - 180*t**2 - 194*t + 2342. Give q(181).
-11
Let y(h) = -h**3 - 122*h**2 + 964*h - 1627. What is y(5)?
18
Let n(l) = l**3 + 80*l**2 - 5039*l - 404317. Determine n(-79).
5
Let u(f) = -4999*f + 2049755. What is u(410)?
165
Let i(p) = 271034*p - 11. Determine i(0).
-11
Let g(a) = -a**2 + 42*a + 3507. Determine g(-41).
104
Let u(d) = -11232*d + 224628. Give u(20).
-12
Let t(n) = 21*n**2 - 1721*n - 5465. Give t(85).
-25
Let q(k) = 6*k**3 - 62*k**2 - 6*k - 1366. Calculate q(12).
2
Let y(l) = -100*l**3 + 1598*l**2 - l + 527. Calculate y(16).
-1
Let x(f) = -109422*f + 437604. What is x(4)?
-84
Let v(i) = -79*i**2 - 1131*i + 7. Calculate v(-10).
3417
Let q(p) = 7473*p + 97386. Give q(-13).
237
Let z(g) = -648*g + 21936. Calculate z(34).
-96
Let s(b) = 207*b**2 + 41815*b + 210. What is s(-202)?
8
Let j(t) = -t**3 + 62*t**2 - 337*t + 25. Give j(56).
-31
Let q(z) = -38*z**2 + 8315*z + 1526. Determine q(219).
-7
Let u(k) = -42698*k - 1195466. Determine u(-28).
78
Let s(w) = -3*w**2 - 187*w - 1979. Calculate s(-15).
151
Let b(n) = -167*n**2 - 2551*n + 38. Calculate b(-15).
728
Let n(v) = -653*v - 161343. Determine n(-247).
-52
Let h(j) = -j**2 - 194*j - 2407. Calculate h(-15).
278
Let h(y) = -2201*y - 15115. Determine h(-7).
292
Let t(w) = -w**3 + 15*w**2 + 636*w + 2649. Calculate t(-5).
-31
Let t(q) = 3*q**3 - 611*q**2 - 204*q - 1. Give t(204).
-1
Let l(k) = 15*k**2 - 513*k + 4626. Determine l(17).
240
Let n(q) = -q**2 - 12033*q + 3914974. What is n(317)?
24
Let f(o) = -242633*o - 3154168. Determine f(-13).
61
Let c(v) = 6244*v + 9172406. Determine c(-1469).
-30
Let b(k) = -k**2 - 622*k + 159327. Calculate b(195).
12
Let g(x) = x**2 - 92*x - 3062. Calculate g(-31).
751
Let l(c) = 1253*c - 3939. Calculate l(3).
-180
Let p(v) = -2*v**3 + 193*v**2 + 1408*v - 50404. Calculate p(101).
-5
Let l(i) = -1048*i - 11921. Give l(-12).
655
Let x(n) = 181*n + 27. Determine x(-5).
-878
Let g(v) = 2*v**2 + 4242*v - 261735. Determine g(60).
-15
Let u(s) = s**2 - 385*s - 28239. Give u(-63).
-15
Let v(x) = 11*x**3 + 1201*x**2 - 1063*x - 8025. Give v(-110).
5
Let v(h) = 31730*h + 539507. Calculate v(-17).
97
Let y(b) = -b**3 + 67*b**2 - 908*b - 1972. Calculate y(46).
696
Let w(b) = 13216*b + 409738. Calculate w(-31).
42
Let p(j) = -1515144*j + 3030290. Determine p(2).
2
Let d(p) = p**3 + 4*p**2 + 1327*p + 9401. Give d(-7).
-35
Let k(q) = -11329*q + 90703. Give k(8).
71
Let g(t) = -5*t**2 - 549*t + 275097. What is g(186)?
3
Let j(b) = 130063*b - 4292088. Give j(33).
-9
Let n(h) = 2301*h - 25353. Calculate n(11).
-42
Let c(u) = -10*u**2 + 1136*u + 6883. What is c(-6)?
-293
Let x(u) = u**3 - 17*u**2 + 40*u - 914. What is x(17)?
-234
Let a(d) = -16706*d - 2305471. Calculate a(-138).
-43
Let i(b) = 74759*b + 598314. What is i(-8)?
242
Let z(r) = -43465*r + 390815. What is z(9)?
-370
Let n(t) = -992*t - 61490. Give n(-62).
14
Let i(w) = 230*w + 9507. What is i(-41)?
77
Let a(r) = r**2 + 51*r - 1195. What is a(29)?
1125
Let g(u) = -u**2 - 868*u - 18. Give g(0).
-18
Let s(i) = 5566*i - 1397056. Give s(251).
10
Let s(a) = -246586*a - 4438601. Determine s(-18).
-53
Let b(l) = 29548*l - 118195. Determine b(4).
-3
Let l(j) = 15022*j + 375550. Calculate l(-25).
0
Let w(i) = 64*i + 5531. What is w(-86)?
27
Let k(y) = 127*y**2 + 15139*y + 18047. Calculate k(-118).
-7
Let d(h) = -4*h**2 - 4127*h - 207576. Give d(-53).
-81
Let s(z) = -2*z**2 - 470*z - 11219. Determine s(-208).
13
Let u(q) = -q**3 + 17*q**2 + 196*q + 85. What is u(25)?
-15
Let w(u) = -u**3 + 799*u**2 + 29039*u + 125948. What is w(834)?
14
Let n(k) = k**3 - 34*k**2 - 226*k + 42. Determine n(40).
602
Let k(r) = r**3 + 215*r**2 + 458*r + 6796. Determine k(-213).
-20
Let s(j) = -8*j**3 + 20*j**2 + 139*j - 16. Give s(-5).
789
Let v(s) = -4266*s - 435094. Determine v(-102).
38
Let s(u) = 4*u**3 - 122*u**2 + 477*u - 12511. Give s(30).
-1
Let u(p) = -3*p**3 + 63*p**2 + 4099*p - 86098. Give u(21).
-19
Let p(v) = -v**2 + 46*v - 338. What is p(12)?
70
Let m(r) = -6*r**2 - 881*r - 32261. Calculate m(-70).
9
Let v(f) = -321*f + 32776. Give v(102).
34
Let q(z) = 4*z**2 - 2170*z + 23384. Calculate q(11).
-2
Let c(k) = -17617*k**2 + 1832170*k - 179. Calculate c(104).
29
Let v(u) = 2*u**3 + 958*u**2 - 8801*u + 127. Give v(9).
-26
Let v(i) = 96*i + 5982. Calculate v(-54).
798
Let b(x) = -195*x - 17991. Give b(-61).
-6096
Let d(a) = 1988*a - 15599. What is d(8)?
305
Let l(r) = -149*r + 2626. Give l(23).
-801
Let v(w) = 4*w**3 - 564*w**2 + 3238*w + 249. What is v(135)?
-21
Let a(b) = 1886*b - 82995. Determine a(44).
-11
Let i(m) = 13*m**2 + 27*m - 1328. What is i(10)?
242
Let m(h) = -75*h**3 + 26*h**2 + 23*h - 63. Determine m(-2).
595
Let m(s) = -3581*s + 175284. What is m(49)?
-185
Let w(r) = -2*r**2 - 62920*r - 3391850. Calculate w(-54).
-2
Let q(p) = 204*p**2 - 5360*p + 1267. Give q(26).
-189
Let x(z) = z**3 - 120*z**2 + 871*z - 74924. Give x(118).
6
Let o(p) = -1287*p - 17983. Calculate o(-13).
-1252
Let k(q) = 1855*q - 1547049. Give k(834).
21
Let v(u) = -904*u + 1829. What is v(2)?
21
Let a(s) = -9*s**2 + 2775*s + 65411. Determine a(-22).
5
Let t(x) = 184*x - 9427. Determine t(51).
-43
Let t(m) = -1703*m + 17078. Calculate t(10).
48
Let o(q) = -q**2 + 68*q - 576. What is o(21)?
411
Let v(z) = -3*z**3 + 144*z**2 - 768*z + 186. Determine v(42).
-318
Let c(j) = -j**3 - 3*j**2 - 5895*j - 17681. Determine c(-3).
4
Let k(i) = 2511*i - 107975. Determine k(43).
-2
Let b(z) = -3*z**2 + 550*z + 7207. Give b(-13).
-450
Let f(t) = 2*t**3 - 4*t**2 + 769*t - 3854. Give f(5).
141
Let b(j) = 7*j**3 + j**2 - 4*j - 2. Calculate b(-2).
-46
Let u(f) = -f**3 + 119*f**2 + 346*f + 2777. What is u(122)?
337
Let k(m) = 1852*m + 46270. Give k(-25).
-30
Let m(u) = 10*u**2 - 1140*u - 22268. What is m(-17)?
2
Let f(a) = -a**2 - 41344*a - 4042106. Calculate f(-98).
2
Let f(z) = -41*z + 1319. Calculate f(77).
-1838
Let p(l) = l**3 + 160*l**2 + 798*l + 11. Calculate p(-5).
-104
Let m(n) = -4*n**2 - 7*n + 159. What is m(7)?